?
4
What is the units digit of (-3)/(-9) - 6/(-9)?
1
Let v(s) = 2*s**2 - 26*s + 14. What is the units digit of v(14)?
2
Let o(k) = -k**2 - 7*k + 5. Let p be o(-7). Let r = p + -3. What is the units digit of r?
2
Let r be ((-20)/(-16))/(2/72). Let q = -25 + r. What is the tens digit of q?
2
Suppose h - 7 = l, 2*h = -h + 2*l + 16. Suppose -h = 2*c + 4. What is the units digit of ((-8)/(-5))/(c/(-15))?
8
Suppose -7*o + 4615 = 6*o. What is the tens digit of o?
5
Let o(j) = j**3 + 4*j**2 + 3*j. Let z be o(-3). Let b(p) = -p + 7. What is the units digit of b(z)?
7
Let w(y) = y**2 - 4*y + 6. Let o(j) = j**2 - 3*j + 7. Let u(i) = -5*o(i) + 6*w(i). What is the units digit of u(9)?
1
Suppose 2*d + 3*d = 0. Let b(a) = a**2 + a + 3. Let l be b(d). What is the tens digit of 20/30 + 40/l?
1
Let v(m) = 0 + 1 - 4 - 2*m + 0*m. What is the units digit of v(-2)?
1
Suppose 7*k - 3*k = 504. What is the hundreds digit of k?
1
Suppose 92 = -4*h + 12. Let o = h - -44. What is the tens digit of o?
2
Suppose -5*n = -7 - 13. Let j(q) = n - 4 + q**2 - 4*q + 1. What is the units digit of j(4)?
1
Suppose -4*f - 2 = -14. Let a = f - 19. Let k = a + 22. What is the units digit of k?
6
Let b(w) = w**3 + 10*w**2 - 17*w - 6. Let v be b(-11). Suppose 14*l = 10*l + v. What is the tens digit of l?
1
Let t(n) = -n**3 + 9*n**2 + n - 7. Let y be t(9). Suppose y*m - 7 - 1 = 0. Suppose k + 36 = m*k. What is the tens digit of k?
1
Suppose t - 78 = -2*t. Suppose 0*f + t = 2*f. What is the tens digit of f?
1
Let r = 518 + -355. What is the tens digit of r?
6
Let q(i) = -2 - 6*i**2 - 15*i + 5*i**2 - 7 - 7. What is the units digit of q(-13)?
0
Suppose -5*k + 4*b = -0*k + 35, 5*k - 5*b = -40. What is the units digit of (-36)/(-14)*(4 - k)?
8
Let j(c) = -2 + c**2 - 5*c - c - 3. Let o be j(7). Suppose 3*y + o*y - 30 = 0. What is the units digit of y?
6
Suppose 0 = -2*i - 2*i + 12. Suppose -3 = -u + i*c + 15, -43 = -2*u - c. Suppose 3*b - 5 - 5 = 5*x, 5*b = 4*x + u. What is the units digit of b?
5
Let i(b) = -b**2 + 8*b - 5. Let q be i(7). Suppose -8 = -4*m + q*m. Suppose m*j = 6*j - 22. What is the tens digit of j?
1
Let l(h) = -h**3 + 6*h**2 + 15*h. What is the units digit of l(-6)?
2
Suppose 0 = -2*d + 2*l + 52, -2*l - 127 = -d - 4*d. Suppose 5 = 5*z + d. What is the units digit of (-61)/(-7) + z/(-14)?
9
Let q be (-2 - -3)/(2/22). Suppose -30 + q = -b. What is the units digit of b?
9
Let p(k) = 1. Let h(n) = n - 16. Let b(c) = -h(c) - 6*p(c). What is the units digit of b(8)?
2
Suppose -3*a - 1 = s, -4*s - 4*a + 2*a + 6 = 0. Suppose 2*z = z + s. Suppose 3*k - 4 = -z*b - 2*k, -4*b + k + 30 = 0. What is the units digit of b?
7
Suppose -4*i = -3*r + 31 - 9, 2*r = -i. Let o be (-8)/(-20) - r/5. Suppose v - 10 = -o*v. What is the units digit of v?
0
Suppose f + 8*g - 15 = 3*g, -f = -5*g + 35. Let l(v) = v**2 + 9*v + 3. What is the tens digit of l(f)?
1
Suppose -8*r - 175 = -5*i - 3*r, -i = 2*r - 38. Suppose i - 9 = j. What is the tens digit of j?
2
Let r = -3 - -42. What is the tens digit of r?
3
Let h be (-1 + 1)*1/2. Suppose -k + 2*t = 3, 0 = -2*k - h*t + 5*t - 4. Let g = k - -8. What is the units digit of g?
1
What is the units digit of -2 + 43/(0 - -1)?
1
Let k(r) = -r**2 - r + 2. Let q = -4 - -2. Let g be k(q). What is the units digit of (8 + g)/(1 - 0)?
8
Let m = -32 + 82. What is the tens digit of m?
5
Let k(f) = f**2 - 6*f + 7. Let s = -7 + 13. What is the units digit of k(s)?
7
Suppose -w - n + 17 = 3*w, 2*w = -4*n + 26. Suppose -3*p + 23 = -5*b, -2*b = w*p + 1 + 4. What is the units digit of p?
1
Suppose -3*o - w + 219 = 2*w, -2*o + w + 161 = 0. What is the units digit of o?
8
Suppose 0 = 3*r - 9, -7*r = 4*x - 2*r - 15. Suppose -2*b + x*b = -22. What is the tens digit of b?
1
Suppose -38 = -5*u - 8. Let f be 6/(-4)*u/(-9). Let g = 0 + f. What is the units digit of g?
1
Let f be (2/5)/(2/10). Suppose -4 = -3*d + f. Let y = 9 - d. What is the units digit of y?
7
Suppose 0 = -3*t + 4*t - 1. Let b = 1 + t. What is the units digit of b?
2
Let c = 22 + -8. What is the units digit of (2/(-4))/((-7)/c)?
1
Let d(u) = 2*u - 7. Let y be d(6). Let g = y - 4. What is the units digit of g?
1
Let a(y) = -y**3 + 6*y**2 + 21*y - 11. What is the units digit of a(8)?
9
Suppose 19*y - 14*y = -75. What is the units digit of ((-10)/(-4))/(y/(-270))?
5
Let u(n) = -5*n**2 - n + 9. Let j(f) = 16*f**2 + 4*f - 28. Let g(o) = -3*j(o) - 10*u(o). What is the tens digit of g(-4)?
3
Let j(d) = d**3 + 11*d**2 + 6*d - 14. Suppose 48 = -5*i + 2*f, -2*i - 3*f - 23 = -0*f. What is the units digit of j(i)?
6
Suppose 6 + 14 = 5*o. Suppose 2*l - 38 = -o*y + 30, 5*y = -4*l + 85. What is the tens digit of y?
1
Suppose z = -3, 0 = 4*m + 8*z - 3*z - 621. What is the tens digit of m?
5
Let y(b) be the first derivative of b**4/4 - 2*b**3 + 7*b**2/2 - 6*b + 4. Let j be y(6). Suppose 5*x = x + j. What is the units digit of x?
9
Suppose -m + 5*n = -129, m + n = 3*n + 135. What is the hundreds digit of m?
1
Let p be (-7 + 9)*(-1)/(-2)*-1. Let o(w) = -20*w**2 - 7*w - 6. Let m(t) = -21*t**2 - 8*t - 7. Let u(n) = 6*m(n) - 7*o(n). What is the tens digit of u(p)?
1
Suppose -3*x + 34 = -6*x + 2*c, -4*x - 7 = 5*c. Suppose -6*u + 4*q + 34 = -3*u, -5*u = 2*q - 48. Let g = u + x. What is the units digit of g?
2
Let c be 0 - ((-6 - -3) + 2). Let g = c + 12. What is the tens digit of g?
1
Suppose 5*q + 41 = -3*m, 4*q - 4*m - 1 = -21. Let u = q + 19. What is the tens digit of u?
1
Let u = -92 + 156. What is the units digit of u?
4
Let r = -50 + 93. What is the tens digit of r?
4
Let g(n) = n**3 - 3*n**2 - 5*n + 6. Let u be -3 - (-10 + 1 - -1). What is the tens digit of g(u)?
3
Suppose 7*n + 4*w - 1316 = 4*n, 4*w = -16. Suppose -3*x = x + n. What is the units digit of x/(-21) + 2/(-7)?
5
Let c(i) = 2*i + 5. Let r(x) = x + 3. Let l(s) = -4*c(s) + 7*r(s). What is the units digit of l(-2)?
3
Let c = -56 - -58. What is the units digit of c?
2
Let x(h) = 2*h**2 - 7*h - 3. What is the units digit of x(5)?
2
Suppose -5*w + 315 = -0*w. What is the units digit of w?
3
Suppose -3 - 3 = u. Let p be 4/(-12) - 98/u. Suppose -p = -6*d + 4*d. What is the units digit of d?
8
Suppose 192 = 4*m + 4*n, 5*m + 4*n - n - 238 = 0. Suppose -11 + m = r. What is the units digit of r?
6
Let j(g) = -g + 6. Let z be j(5). Let a = z - -21. What is the tens digit of a?
2
Let u be (-1385)/(-15) + (-6)/(-9). Suppose 5*d - u = 2. What is the units digit of d?
9
Let t be (-2)/1*(-12)/8. Suppose -10 = -2*f - t*f. Suppose f*h + i - 6 = 0, 3*h + i - 11 + 2 = 0. What is the units digit of h?
3
Let v be (-12)/(-10)*20/3. Suppose 5*c - v = 4*s - 19, -4*c = 3*s - 16. Suppose -s*j - j - 5*k = -45, -2*j + 3*k + 23 = 0. What is the tens digit of j?
1
Let v = 7 - 7. Suppose v*h = h. Suppose 0*j = -j + 2*l - 2, h = 4*j - 4*l - 8. What is the units digit of j?
6
Let c be -2 - 0 - 1*-40. Let v be (-10)/45 - c/(-9). Suppose -f - 3 - 5 = -4*j, -f + v = -j. What is the units digit of f?
8
Suppose 0 = 5*q - 5*x - 340, 0*q = 5*q + x - 346. What is the tens digit of q?
6
Suppose -h = -2*l - l - 3, 0 = -3*h - 5*l - 19. Let m = h - -15. What is the tens digit of m?
1
Suppose -5*f + 1 = -2*d, -3*d - 3*f - 2*f - 14 = 0. Let t be 1 + d + (-8 - -6). What is the units digit of (-18)/t + (-3)/(-2)?
6
Suppose 4*y + 12 = 4*j - 0*y, -4 = -3*j + 4*y. Let c be j/12 + 170/6. Let s = -15 + c. What is the units digit of s?
4
Suppose -4 = -4*b, -b + 4*b = 2*f + 7. Let j = -1 + f. What is the units digit of j/(-12)*-2*-16?
8
Let b be (5/(-2))/((-2)/4). Suppose 15 = 4*j - b. Suppose 3*x = 2*x - 3*n - 5, 23 = 2*x - j*n. What is the units digit of x?
4
Let u(q) = -6 - 3*q + 2 - 3*q + 5*q. What is the units digit of u(-8)?
4
What is the units digit of ((-4)/6)/((-8)/300)?
5
Let t(q) = 2*q**2 - 12*q - 4*q**2 - 6 + 2*q + q**2. What is the units digit of t(-9)?
3
Suppose s = 5*f - 2, -5*f = 3*s - f - 70. Let w = s - -6. Suppose 2*d - w = -d. What is the units digit of d?
8
Let r(h) = h**2 + 5*h - 1. Let u be r(-5). Let c be (0 - 2) + -2 + u. What is the units digit of (10/(-6))/(c/15)?
5
Let o = 18 + -11. Let i = 1 + o. What is the units digit of i?
8
Suppose 3*a = 6 + 51. What is the units digit of a?
9
Let c be 250/(-15) + (-1)/3. Let d = -11 - c. What is the tens digit of 261/27 + 2/d?
1
Let j be (12*-1 + 2)*2. Let b = 